{"id":2538,"date":"2024-11-16T11:23:08","date_gmt":"2024-11-16T11:23:08","guid":{"rendered":"https:\/\/retrorallye.de\/?page_id=2538"},"modified":"2024-11-17T08:38:53","modified_gmt":"2024-11-17T08:38:53","slug":"archiv-2024","status":"publish","type":"page","link":"https:\/\/retrorallye.de\/?page_id=2538","title":{"rendered":"Ergebnisse\/Termine 2024"},"content":{"rendered":"<div class=\"x11i5rnm xat24cr x1mh8g0r x1vvkbs xtlvy1s x126k92a\">\n<div dir=\"auto\">\n<p><strong>Alles nat\u00fcrlich unbewaffnet (ohne Gew\u00e4hr :-))<\/strong><\/p>\n<\/div>\n<\/div>\n<div dir=\"auto\">\n<div class=\"x11i5rnm xat24cr x1mh8g0r x1vvkbs xtlvy1s x126k92a\">\n<div dir=\"auto\">RRS S\u00fcd = Retro Rallye Serie S\u00fcd<br \/>\nRRS Nord = Retro Rallye Serie Nord &#8211; 10 Veranstaltungen<br \/>\nRRC = Retro Rallye Cup<br \/>\nAHRC = ADMV Histo Rallye Cup<\/div>\n<div dir=\"auto\">&nbsp;<\/div>\n<div dir=\"auto\"><strong>Februar<br \/>\n17.02.24 <\/strong>RTHB Rallyesprint &#8211; Rallye 15<br \/>\n<a href=\"https:\/\/retrorallye.de\/wp-content\/uploads\/2024\/02\/rthb_rallyesprint24.jpg\" target=\"_blank\" rel=\"noopener\">Ergebnis &gt;&gt;<\/a><br \/>\n<strong>24.02.24<\/strong> 19. ADAC Rallye S\u00fcdliche Weinstra\u00dfe Historic* \u2013 Rallye 35&nbsp; \u2013 RRS S\u00fcd<br \/>\n<a href=\"https:\/\/retrorallye.de\/wp-content\/uploads\/2024\/02\/Suew2024.pdf\" target=\"_blank\" rel=\"noopener\">Ergebnis &gt;&gt;<\/a><br \/>\n<strong>24.\/25.02.24<\/strong> Rallye Oschersleben \u2013 3 x Rallye 35 \u2013 RRS Nord RRC<br \/>\n<a href=\"https:\/\/zeitnahme-dataservice.de\/aaarr1_2024\/R.pdf?fbclid=IwAR19zzHK0szMdtHUt2vXklsF2Y_eUBKVu_nREu19KJtZtMlBE1aqYU64oUE\" target=\"_blank\" rel=\"noopener\">Ergebnis Lauf 1 &gt;&gt;<\/a><br \/>\n<a href=\"https:\/\/zeitnahme-dataservice.de\/aaarr2_2024\/R.pdf?fbclid=IwAR11lythYgxLAcDtoUSD0fegzCoJ5Q94YZpYFhhuh5dCqqXrF94QE25g5ME\">Ergebnis Lauf 2 &gt;&gt;<\/a><br \/>\n<a href=\"https:\/\/zeitnahme-dataservice.de\/aaarr3_2024\/R.pdf?fbclid=IwAR1IOQWJBHRBLcjfpHda_pwyT1FsQmGtB4pkHGgQQRBpPxOnUPzGjjea6EU\" target=\"_blank\" rel=\"noopener\">Ergebnis Lauf 3 &gt;&gt;<\/a><\/div>\n<div dir=\"auto\">\n<p><strong>M\u00e4rz<br \/>\n<\/strong><strong>02.03.24<\/strong> 5. Unterland-Hohenlohe-Retro-Wertungsfahrt \u2013 Rallye 35 \u2013 RRS S\u00fcd<br \/>\n<a href=\"https:\/\/www.zatw.info\/ergebnisse\/2024\/RallyeHohenloheHisto\/\" target=\"_blank\" rel=\"noopener\">Ergebnis &gt;&gt;<\/a><br \/>\n<strong>09.03.24<\/strong> 8. ADAC-Retro-Rallye Buten un Binnen \u2013 Rallye 70 \u2013 RRS Nord<br \/>\n<a href=\"https:\/\/www.adac-sport.com\/8_ADAC_Retro_Rallye_Buten_un_Binnen_943\/TW_ON_Live_Sollzeit_Ergebnisse.php\" target=\"_blank\" rel=\"noopener\">Ergebnis &gt;&gt;<\/a><br \/>\n<strong>09.03.24<\/strong> 1 ADAC Rallye Hochtaunus \u2013 Rallye 70 &#8211; <strong>abgesagt<\/strong><br \/>\n<strong>16.03.24<\/strong> 10. UMC-DMV Historic Rallye Ulm* \u2013 Rallye 35 \u2013 RRS S\u00fcd<br \/>\n<a href=\"https:\/\/info.zatw.de\/2024\/RallyeUlmHistRRS\/\" target=\"_blank\" rel=\"noopener\">Ergebnis &gt;&gt;<\/a><br \/>\n<strong>23.03.24<\/strong> Rallye Wittenberg \u2013 Rallye 35 \u2013 AHRC<br \/>\n<a href=\"https:\/\/www.tw-sportsoft.de\/ADMV_Rallye_Lutherstadt_Wittenberg_2024_720038\/docs\/32_OffiziellesEndergebnisHisto.pdf\" target=\"_blank\" rel=\"noopener\">Ergebnis &gt;&gt;<\/a><\/p>\n<\/div>\n<div dir=\"auto\"><strong>April<br \/>\n13.04.24<\/strong> Roland Rallye \u2013 Rallye 70 \u2013 AHRC<br \/>\n<a href=\"https:\/\/www.tw-sportsoft.de\/ADAC_Roland_Rallye_2024_335535\/TW_ON_Live_Sollzeit_Ergebnisse.php?fbclid=IwAR1774eg_u7I3D3pOFHQtcImnN-nd1ul6c74hETPreTsI86I38-QqbcICs8\" target=\"_blank\" rel=\"noopener\">Ergebnis &gt;&gt;<\/a><\/div>\n<div dir=\"auto\"><strong>13.04.24<\/strong> 13. KW-Ostalbrallye Retro \u2013 Rallye 70 \u2013 RRS S\u00fcd<br \/>\n<a href=\"https:\/\/info.zatw.de\/2024\/OstalbRallyeRRS\/?fbclid=IwAR2ZmNXQVy_ExM7flVHGvsDyPOHB3X1YTC7KXTBb1k8bewzVrRsKeUvX3Tk\" target=\"_blank\" rel=\"noopener\">Ergebnis &gt;&gt;<\/a><\/div>\n<div dir=\"auto\"><strong>13.04.24<\/strong> 14. ADAC Stormarn Retro-Rallye \u2013 Rallye 35 \u2013 RRS Nord<br \/>\n<a href=\"https:\/\/retrorallye.de\/wp-content\/uploads\/2024\/04\/stormarn24.pdf\" target=\"_blank\" rel=\"noopener\">Ergebnis &gt;&gt;<\/a><strong><br \/>\n20.04.24<\/strong> Rallye Wartburg \u2013 Rallye 35 \u2013 AHRC<br \/>\n<a href=\"https:\/\/retrorallye.de\/wp-content\/uploads\/2024\/04\/wartburg_2024.pdf\" target=\"_blank\" rel=\"noopener\">Ergebnis &gt;&gt;<\/a><\/div>\n<div dir=\"auto\"><strong>27.04.24<\/strong> 11. DMI ADAC Retro-Rallye Fr\u00e4nkisches Weinland \u2013 Rallye 35 \u2013 RRS S\u00fcd<br \/>\n<a href=\"https:\/\/retrorallye.de\/wp-content\/uploads\/2024\/04\/fraenkischewein24.pdf\" target=\"_blank\" rel=\"noopener\">Ergebnis &gt;&gt;<\/a><\/div>\n<div dir=\"auto\"><strong>27.04.24<\/strong> Rallye Fontane \u2013 Rallye 35 \u2013 <strong>abgesagt<\/strong><\/div>\n<div dir=\"auto\"><strong><br \/>\nMai<br \/>\n04.05.24<\/strong> Birkenfelder L\u00f6wenrallye \u2013 Rallye 35 \u2013 RRS S\u00fcd<br \/>\n<a href=\"https:\/\/retrorallye.de\/wp-content\/uploads\/2024\/05\/birkenfeld2024.pdf\" target=\"_blank\" rel=\"noopener\">Ergebnis &gt;&gt;<\/a><br \/>\n<span class=\"x193iq5w xeuugli x13faqbe x1vvkbs xlh3980 xvmahel x1n0sxbx x1lliihq x1s928wv xhkezso x1gmr53x x1cpjm7i x1fgarty x1943h6x xudqn12 x3x7a5m x6prxxf xvq8zen xo1l8bm xzsf02u x1yc453h\" dir=\"auto\"><strong>18.05.24<\/strong> Rallye Ha\u00dfberg \u2013 Rallye 35<br \/>\n<a href=\"https:\/\/www.tw-sportsoft.de\/ADAC_Hassbergrallye_2024_303594\/docs\/16_REPORTING_ERGEBNISLISTE_SOLLZEIT_GESAMT_.pdf\" target=\"_blank\" rel=\"noopener\">Ergebnis &gt;&gt;<\/a><br \/>\n<\/span><\/div>\n<div dir=\"auto\"><strong><br \/>\nJuni<br \/>\n01.06.24<\/strong> Rallye Zwickauer Land \u2013 Rallye 70 \u2013 AHRC &#8211; <strong>abgesagt<\/strong><br \/>\n<strong>22.06.24 <\/strong>Rallye Osterburg \u2013 Rallye 35 \u2013 AHRC<br \/>\n<a href=\"https:\/\/retrorallye.de\/wp-content\/uploads\/2024\/06\/Osterburg_2024.pdf\" target=\"_blank\" rel=\"noopener\">Ergebnis &gt;&gt;<\/a><br \/>\n<strong>29.06.24 <\/strong>1. ADAC Vissel-Classic-Rallye 2024 \u2013 Rallye 70 &#8211; <strong>abgesagt<\/strong><\/div>\n<div dir=\"auto\">\n<p><strong>Juli<\/strong><br \/>\n<strong>07.07.24 <\/strong>ADAC Rallyesprint Bremerhaven \u2013 2 x Rallye 35 \u2013 RRS Nord<br \/>\n<a href=\"https:\/\/retrorallye.de\/wp-content\/uploads\/2024\/07\/bhv_2024_vorm.pdf\" target=\"_blank\" rel=\"noopener\">Ergebnis vormittags &gt;&gt;<\/a><br \/>\n<a href=\"https:\/\/retrorallye.de\/wp-content\/uploads\/2024\/07\/bhv_2024_nachm.pdf\" target=\"_blank\" rel=\"noopener\">Ergebnis nachmittags &gt;&gt;<\/a><strong><br \/>\n27.07.24<\/strong>&nbsp;Main-Kinzig-Rallye &#8211; Rallye 35<br \/>\n<a href=\"https:\/\/www.tw-sportsoft.de\/17_ADAC_KIA_AWS_Main_Kinzig_Rallye_2024_511662\/docs\/30_Endergebnis_Retro.pdf?fbclid=IwY2xjawEYjRlleHRuA2FlbQIxMQABHTkI-FIaneFSdZy9TrWQXuNKiOCnxGfw44M1eqrEAO_jL7CGZdQdxezthA_aem_mWxTMHzil9MKKOZaZ7yA3g\" target=\"_blank\" rel=\"noopener\">Ergebnis &gt;&gt;<\/a><\/p>\n<\/div>\n<div dir=\"auto\"><strong>August<br \/>\n03.08.24<\/strong> 25. ADAC Holsten Retro-Rallye \u2013 Rallye 70 \u2013 RRS Nord<br \/>\n<a href=\"https:\/\/retrorallye.de\/wp-content\/uploads\/2024\/08\/25_VorlEndergebnis-Holsten2023.pdf\" target=\"_blank\" rel=\"noopener\">Ergebnis &gt;&gt;<\/a><\/div>\n<div dir=\"auto\"><strong>31.08.24<\/strong> Rallye Gr\u00fcnhain \u2013 Rallye 35 \u2013 AHRC<br \/>\n<a href=\"https:\/\/retrorallye.de\/wp-content\/uploads\/2024\/09\/42_gruenhaim_EndergebnisHisto.pdf\" target=\"_blank\" rel=\"noopener\">Ergebnis &gt;&gt;<\/a><\/div>\n<div dir=\"auto\"><strong><br \/>\nSeptember<br \/>\n07.09.24<\/strong> 6. ADAC Retro-Rallye des MSC Calw \u2013 Rallye 35 \u2013 <strong>abgesagt<\/strong><br \/>\n<strong>07.09.24<\/strong> Rallyesprint H\u00fcnstein &#8211; R15<br \/>\n<a href=\"https:\/\/www.facebook.com\/photo\/?fbid=2280907158922971&amp;set=gm.8669455339731311&amp;idorvanity=128192093857721\" target=\"_blank\" rel=\"noopener\">Ergebnis &gt;&gt;<\/a><\/div>\n<div dir=\"auto\"><strong>14.09.24<\/strong> Rallye Bad Schmiedeberg \u2013 Rallye 70 \u2013 AHRC<br \/>\n<a href=\"https:\/\/www.tw-sportsoft.de\/ADMV_Rallye_Kurstadt_Bad_Schmiedeberg_20_850351\/TW_ON_Live_Sollzeit_Ergebnisse.php\" target=\"_blank\" rel=\"noopener\">Ergebnis &gt;&gt;<\/a><br \/>\n<strong>14.09.24<\/strong> Rallyesprint Pohlheim &#8211; R15 &#8211; <strong>abgesagt<\/strong><\/div>\n<div dir=\"auto\"><strong>14.09.24 <\/strong>4. Rallye Laichinger Alb Historic* \u2013 Rallye 35 \u2013 RRS S\u00fcd<\/div>\n<div dir=\"auto\"><a href=\"https:\/\/retrorallye.de\/wp-content\/uploads\/2024\/09\/laichingeralb24.pdf\" target=\"_blank\" rel=\"noopener\">Ergebnis &gt;&gt;<\/a><strong><br \/>\n21.09.24<\/strong> 17. ADAC Historic Rallye Kohle &amp; Stahl \u2013 Rallye 70 \u2013 RRS S\u00fcd<br \/>\n<a href=\"https:\/\/retrorallye.de\/wp-content\/uploads\/2024\/09\/kohlestahl24.pdf\" target=\"_blank\" rel=\"noopener\">Ergebnis &gt;&gt;<\/a><br \/>\n<strong>28.09.24<\/strong> 3. ADAC Retro-Rallye Ostwestfalen &#8211; Rallye 70 \u2013 RRS Nord<br \/>\n<a href=\"https:\/\/rallyeostwestfalen.de\/wp-content\/uploads\/2024\/09\/22_53R_offizielles_Endergebnis.pdf\" target=\"_blank\" rel=\"noopener\">Ergebnis &gt;&gt;<\/a><br \/>\n<strong>28.09.24<\/strong> Nibelungen Rallyesprint<br \/>\n<a href=\"https:\/\/retrorallye.de\/wp-content\/uploads\/2024\/09\/Nibelungen24.pdf\" target=\"_blank\" rel=\"noopener\">Ergebnis &gt;&gt;<\/a><\/div>\n<div dir=\"auto\">&nbsp;<\/div>\n<div dir=\"auto\"><strong>Oktober<br \/>\n<\/strong><strong>05.10.24<\/strong> 15. ADAC Retro-Rallye Bad Emstal \u2013 Rallye 70 \u2013 RRS Nord RRC<br \/>\n<a href=\"https:\/\/retrorallye.de\/wp-content\/uploads\/2024\/10\/bademstal24.pdf\" target=\"_blank\" rel=\"noopener\">Ergebnis &gt;&gt;<\/a><br \/>\n<strong>26.10.24<\/strong> 5. ADAC rthb Retro-Rallye Hessisches Bergland \u2013 Rallye 70 \u2013 RRS Nord RRC<br \/>\n<a href=\"https:\/\/retrorallye.de\/wp-content\/uploads\/2024\/10\/rthb24.pdf\" target=\"_blank\" rel=\"noopener\">Ergebnis &gt;&gt;<\/a><\/div>\n<div dir=\"auto\">&nbsp;<\/div>\n<div dir=\"auto\"><strong>November<\/strong><br \/>\n<strong>16.11.24<\/strong> Ried Rallyesprint &#8211; Rallye 15<br \/>\n<a href=\"https:\/\/retrorallye.de\/wp-content\/uploads\/2024\/11\/ried_2024.pdf\" target=\"_blank\" rel=\"noopener\">Ergebnis &gt;&gt;<\/a><\/div>\n<div dir=\"auto\">&nbsp;<\/div>\n<\/div>\n<\/div>\n","protected":false},"excerpt":{"rendered":"<p>Alles nat\u00fcrlich unbewaffnet (ohne Gew\u00e4hr :-)) RRS S\u00fcd = Retro Rallye Serie S\u00fcd RRS Nord = Retro Rallye Serie Nord<\/p>\n","protected":false},"author":1,"featured_media":0,"parent":0,"menu_order":0,"comment_status":"closed","ping_status":"closed","template":"","meta":{"ngg_post_thumbnail":0,"_mc_calendar":[],"footnotes":""},"class_list":["post-2538","page","type-page","status-publish","hentry"],"yoast_head":"<!-- This site is optimized with the Yoast SEO plugin v27.4 - https:\/\/yoast.com\/product\/yoast-seo-wordpress\/ -->\n<title>Ergebnisse\/Termine 2024 - Retro-Rallye<\/title>\n<meta name=\"description\" content=\"Retro-Rallyes werden mit mindestens 20 Jahren alten Fahrzeugen auf Sollzeit gefahren. Durch die geringen Kosten ein perfekter Einstieg in den Motorsport.\" \/>\n<meta name=\"robots\" content=\"index, follow, max-snippet:-1, max-image-preview:large, max-video-preview:-1\" \/>\n<link rel=\"canonical\" href=\"https:\/\/retrorallye.de\/?page_id=2538\" \/>\n<meta property=\"og:locale\" content=\"de_DE\" \/>\n<meta property=\"og:type\" content=\"article\" \/>\n<meta property=\"og:title\" content=\"Ergebnisse\/Termine 2024 - Retro-Rallye\" \/>\n<meta property=\"og:description\" content=\"Retro-Rallyes werden mit mindestens 20 Jahren alten Fahrzeugen auf Sollzeit gefahren. Durch die geringen Kosten ein perfekter Einstieg in den Motorsport.\" \/>\n<meta property=\"og:url\" content=\"https:\/\/retrorallye.de\/?page_id=2538\" \/>\n<meta property=\"og:site_name\" content=\"Retro-Rallye\" \/>\n<meta property=\"article:modified_time\" content=\"2024-11-17T08:38:53+00:00\" \/>\n<meta name=\"twitter:card\" content=\"summary_large_image\" \/>\n<meta name=\"twitter:label1\" content=\"Gesch\u00e4tzte Lesezeit\" \/>\n\t<meta name=\"twitter:data1\" content=\"2\u00a0Minuten\" \/>\n<script type=\"application\/ld+json\" class=\"yoast-schema-graph\">{\"@context\":\"https:\\\/\\\/schema.org\",\"@graph\":[{\"@type\":\"WebPage\",\"@id\":\"https:\\\/\\\/retrorallye.de\\\/?page_id=2538\",\"url\":\"https:\\\/\\\/retrorallye.de\\\/?page_id=2538\",\"name\":\"Ergebnisse\\\/Termine 2024 - Retro-Rallye\",\"isPartOf\":{\"@id\":\"https:\\\/\\\/retrorallye.de\\\/#website\"},\"datePublished\":\"2024-11-16T11:23:08+00:00\",\"dateModified\":\"2024-11-17T08:38:53+00:00\",\"description\":\"Retro-Rallyes werden mit mindestens 20 Jahren alten Fahrzeugen auf Sollzeit gefahren. Durch die geringen Kosten ein perfekter Einstieg in den Motorsport.\",\"breadcrumb\":{\"@id\":\"https:\\\/\\\/retrorallye.de\\\/?page_id=2538#breadcrumb\"},\"inLanguage\":\"de\",\"potentialAction\":[{\"@type\":\"ReadAction\",\"target\":[\"https:\\\/\\\/retrorallye.de\\\/?page_id=2538\"]}]},{\"@type\":\"BreadcrumbList\",\"@id\":\"https:\\\/\\\/retrorallye.de\\\/?page_id=2538#breadcrumb\",\"itemListElement\":[{\"@type\":\"ListItem\",\"position\":1,\"name\":\"Startseite\",\"item\":\"https:\\\/\\\/retrorallye.de\\\/\"},{\"@type\":\"ListItem\",\"position\":2,\"name\":\"Ergebnisse\\\/Termine 2024\"}]},{\"@type\":\"WebSite\",\"@id\":\"https:\\\/\\\/retrorallye.de\\\/#website\",\"url\":\"https:\\\/\\\/retrorallye.de\\\/\",\"name\":\"Retro-Rallye\",\"description\":\"Der Einstieg in den Motorsport\",\"publisher\":{\"@id\":\"https:\\\/\\\/retrorallye.de\\\/#\\\/schema\\\/person\\\/512d86710bd0792a48b37215fe6fdb1b\"},\"potentialAction\":[{\"@type\":\"SearchAction\",\"target\":{\"@type\":\"EntryPoint\",\"urlTemplate\":\"https:\\\/\\\/retrorallye.de\\\/?s={search_term_string}\"},\"query-input\":{\"@type\":\"PropertyValueSpecification\",\"valueRequired\":true,\"valueName\":\"search_term_string\"}}],\"inLanguage\":\"de\"},{\"@type\":[\"Person\",\"Organization\"],\"@id\":\"https:\\\/\\\/retrorallye.de\\\/#\\\/schema\\\/person\\\/512d86710bd0792a48b37215fe6fdb1b\",\"name\":\"RWe\",\"image\":{\"@type\":\"ImageObject\",\"inLanguage\":\"de\",\"@id\":\"https:\\\/\\\/secure.gravatar.com\\\/avatar\\\/07dbf91b971b12a1c3042e2d96a1fc08ffc091127f38586879de72ec43396623?s=96&d=mm&r=g\",\"url\":\"https:\\\/\\\/secure.gravatar.com\\\/avatar\\\/07dbf91b971b12a1c3042e2d96a1fc08ffc091127f38586879de72ec43396623?s=96&d=mm&r=g\",\"contentUrl\":\"https:\\\/\\\/secure.gravatar.com\\\/avatar\\\/07dbf91b971b12a1c3042e2d96a1fc08ffc091127f38586879de72ec43396623?s=96&d=mm&r=g\",\"caption\":\"RWe\"},\"logo\":{\"@id\":\"https:\\\/\\\/secure.gravatar.com\\\/avatar\\\/07dbf91b971b12a1c3042e2d96a1fc08ffc091127f38586879de72ec43396623?s=96&d=mm&r=g\"}}]}<\/script>\n<!-- \/ Yoast SEO plugin. -->","yoast_head_json":{"title":"Ergebnisse\/Termine 2024 - Retro-Rallye","description":"Retro-Rallyes werden mit mindestens 20 Jahren alten Fahrzeugen auf Sollzeit gefahren. Durch die geringen Kosten ein perfekter Einstieg in den Motorsport.","robots":{"index":"index","follow":"follow","max-snippet":"max-snippet:-1","max-image-preview":"max-image-preview:large","max-video-preview":"max-video-preview:-1"},"canonical":"https:\/\/retrorallye.de\/?page_id=2538","og_locale":"de_DE","og_type":"article","og_title":"Ergebnisse\/Termine 2024 - Retro-Rallye","og_description":"Retro-Rallyes werden mit mindestens 20 Jahren alten Fahrzeugen auf Sollzeit gefahren. Durch die geringen Kosten ein perfekter Einstieg in den Motorsport.","og_url":"https:\/\/retrorallye.de\/?page_id=2538","og_site_name":"Retro-Rallye","article_modified_time":"2024-11-17T08:38:53+00:00","twitter_card":"summary_large_image","twitter_misc":{"Gesch\u00e4tzte Lesezeit":"2\u00a0Minuten"},"schema":{"@context":"https:\/\/schema.org","@graph":[{"@type":"WebPage","@id":"https:\/\/retrorallye.de\/?page_id=2538","url":"https:\/\/retrorallye.de\/?page_id=2538","name":"Ergebnisse\/Termine 2024 - Retro-Rallye","isPartOf":{"@id":"https:\/\/retrorallye.de\/#website"},"datePublished":"2024-11-16T11:23:08+00:00","dateModified":"2024-11-17T08:38:53+00:00","description":"Retro-Rallyes werden mit mindestens 20 Jahren alten Fahrzeugen auf Sollzeit gefahren. Durch die geringen Kosten ein perfekter Einstieg in den Motorsport.","breadcrumb":{"@id":"https:\/\/retrorallye.de\/?page_id=2538#breadcrumb"},"inLanguage":"de","potentialAction":[{"@type":"ReadAction","target":["https:\/\/retrorallye.de\/?page_id=2538"]}]},{"@type":"BreadcrumbList","@id":"https:\/\/retrorallye.de\/?page_id=2538#breadcrumb","itemListElement":[{"@type":"ListItem","position":1,"name":"Startseite","item":"https:\/\/retrorallye.de\/"},{"@type":"ListItem","position":2,"name":"Ergebnisse\/Termine 2024"}]},{"@type":"WebSite","@id":"https:\/\/retrorallye.de\/#website","url":"https:\/\/retrorallye.de\/","name":"Retro-Rallye","description":"Der Einstieg in den Motorsport","publisher":{"@id":"https:\/\/retrorallye.de\/#\/schema\/person\/512d86710bd0792a48b37215fe6fdb1b"},"potentialAction":[{"@type":"SearchAction","target":{"@type":"EntryPoint","urlTemplate":"https:\/\/retrorallye.de\/?s={search_term_string}"},"query-input":{"@type":"PropertyValueSpecification","valueRequired":true,"valueName":"search_term_string"}}],"inLanguage":"de"},{"@type":["Person","Organization"],"@id":"https:\/\/retrorallye.de\/#\/schema\/person\/512d86710bd0792a48b37215fe6fdb1b","name":"RWe","image":{"@type":"ImageObject","inLanguage":"de","@id":"https:\/\/secure.gravatar.com\/avatar\/07dbf91b971b12a1c3042e2d96a1fc08ffc091127f38586879de72ec43396623?s=96&d=mm&r=g","url":"https:\/\/secure.gravatar.com\/avatar\/07dbf91b971b12a1c3042e2d96a1fc08ffc091127f38586879de72ec43396623?s=96&d=mm&r=g","contentUrl":"https:\/\/secure.gravatar.com\/avatar\/07dbf91b971b12a1c3042e2d96a1fc08ffc091127f38586879de72ec43396623?s=96&d=mm&r=g","caption":"RWe"},"logo":{"@id":"https:\/\/secure.gravatar.com\/avatar\/07dbf91b971b12a1c3042e2d96a1fc08ffc091127f38586879de72ec43396623?s=96&d=mm&r=g"}}]}},"_links":{"self":[{"href":"https:\/\/retrorallye.de\/index.php?rest_route=\/wp\/v2\/pages\/2538","targetHints":{"allow":["GET"]}}],"collection":[{"href":"https:\/\/retrorallye.de\/index.php?rest_route=\/wp\/v2\/pages"}],"about":[{"href":"https:\/\/retrorallye.de\/index.php?rest_route=\/wp\/v2\/types\/page"}],"author":[{"embeddable":true,"href":"https:\/\/retrorallye.de\/index.php?rest_route=\/wp\/v2\/users\/1"}],"replies":[{"embeddable":true,"href":"https:\/\/retrorallye.de\/index.php?rest_route=%2Fwp%2Fv2%2Fcomments&post=2538"}],"version-history":[{"count":5,"href":"https:\/\/retrorallye.de\/index.php?rest_route=\/wp\/v2\/pages\/2538\/revisions"}],"predecessor-version":[{"id":2564,"href":"https:\/\/retrorallye.de\/index.php?rest_route=\/wp\/v2\/pages\/2538\/revisions\/2564"}],"wp:attachment":[{"href":"https:\/\/retrorallye.de\/index.php?rest_route=%2Fwp%2Fv2%2Fmedia&parent=2538"}],"curies":[{"name":"wp","href":"https:\/\/api.w.org\/{rel}","templated":true}]}}