{"id":2237,"date":"2023-11-24T12:12:07","date_gmt":"2023-11-24T12:12:07","guid":{"rendered":"https:\/\/retrorallye.de\/?page_id=2237"},"modified":"2024-11-16T11:29:31","modified_gmt":"2024-11-16T11:29:31","slug":"termin-2023","status":"publish","type":"page","link":"https:\/\/retrorallye.de\/?page_id=2237","title":{"rendered":"Ergebnisse\/Termine 2023"},"content":{"rendered":"<div class=\"x11i5rnm xat24cr x1mh8g0r x1vvkbs xtlvy1s x126k92a\">\n<div dir=\"auto\">&nbsp;<\/div>\n<\/div>\n<div dir=\"auto\">\n<p>RRS S\u00fcd = Retro Rallye Serie S\u00fcd &#8211; 10 L\u00e4ufe + 3 Anw\u00e4rterl\u00e4ufe<br \/>\nRRS Nord = Retro Rallye Serie Nord &#8211; 10 L\u00e4ufe<br \/>\nRRC = Retro Rallye Cup &#8211; 10 L\u00e4ufe<br \/>\nAHRC = ADMV Histo Rallye Cup &#8211; 6 L\u00e4ufe<\/p>\n<p><strong>Februar<\/strong><br \/>\n<strong>11.02.2023<\/strong> \u2013 Rallye Nordbaden &#8211; Rallye 35<strong> &#8211;<\/strong> RRS S\u00fcd Anw\u00e4rterlauf<br \/>\n<a href=\"https:\/\/app-cdn.sportity.com\/009d89e3-8c53-4708-89d0-1bb486bbbed5\/e42cc692-ac55-443e-93cf-46ffda7fdd7c_Endergebnis%20Retro.pdf\" target=\"_blank\" rel=\"noopener\">Ergebnis &gt;&gt;<\/a><br \/>\n<span dir=\"ltr\" role=\"presentation\"><strong>18.02.2023<\/strong>&nbsp;\u2013 1. ADAC rthb Retro-Rallyesprint<\/span><br \/>\n<strong>25.02.2023*<\/strong> \u2013 18. Rallye S\u00fcdliche Weinstrasse Historic &#8211; Rallye 35 &#8211; RRS S\u00fcd<strong><br \/>\n<\/strong><a href=\"https:\/\/retrorallye.de\/wp-content\/uploads\/2023\/02\/SWH2023_Gesamt.pdf\" target=\"_blank\" rel=\"noopener\">Ergebnis &gt;&gt;<\/a><strong><br \/>\n25.\/26.02.2023<\/strong> \u2013 ADAC ACW Arena Retro Rallye &#8211; 3x 48 km &#8211; RRS Nord (Lauf 1 und 2)<br \/>\n<a href=\"https:\/\/retrorallye.de\/wp-content\/uploads\/2023\/02\/acw_23_1.pdf\" target=\"_blank\" rel=\"noopener\">Ergebnis Lauf 1 &gt;&gt;<\/a><br \/>\n<a href=\"https:\/\/retrorallye.de\/wp-content\/uploads\/2023\/02\/acw_23_2.pdf\" target=\"_blank\" rel=\"noopener\">Ergebnis Lauf 2 &gt;&gt;<\/a><br \/>\n<a href=\"https:\/\/retrorallye.de\/wp-content\/uploads\/2023\/02\/acw_23_3.pdf\" target=\"_blank\" rel=\"noopener\">Ergebnis Lauf 3 &gt;&gt;<\/a><br \/>\n<a href=\"https:\/\/retrorallye.de\/wp-content\/uploads\/2023\/02\/acw_23_triple.pdf\" target=\"_blank\" rel=\"noopener\">Ergebnis Triple &gt;&gt;<\/a><br \/>\n<strong><br \/>\nM\u00e4rz<br \/>\n04.03.2023<\/strong> \u2013 Rallye Unterland-Hohenlohe &#8211; Rallye 35 &#8211; RRS S\u00fcd<br \/>\n<a href=\"http:\/\/www.zatw.de\/ergebnisse\/2023\/RallyeHohenloheHisto\/?fbclid=IwAR2PDIRa6Hjv-lA8nl8CTSB9QV93adDRCO36a-iOiUuzR4VvKQvKh4ZXLvw\" target=\"_blank\" rel=\"noopener\">Ergebnis &gt;&gt;<\/a><br \/>\n<strong>04.03.2023<\/strong> \u2013 ADMV Rallye Lutherstadt Wittenberg &#8211; Rallye 35 &#8211; AHRC<br \/>\n<a href=\"https:\/\/www.tw-sportsoft.de\/ADMV_Rallye_Lutherstadt_Wittenberg_310441\/docs\/28_OffiziellesEndergebnis_Histo.pdf\" target=\"_blank\" rel=\"noopener\">Ergebnis &gt;&gt;<\/a><br \/>\n<strong>18.03.2023*<\/strong> \u2013 Rallye Ulm &#8211; Rallye 35 &#8211; RRS S\u00fcd<br \/>\n<a href=\"http:\/\/www.zatw.info\/va_ulmrrs\/download\/gesamt1.pdf?fbclid=IwAR2bofCCKnX6OacnKV8dclw4V6xIl97Ifp85Ydo7s7Xpc5DyRncAXu2s2rw\" target=\"_blank\" rel=\"noopener\">Ergebnis &gt;&gt;<\/a><br \/>\n<strong>18.03.2023<\/strong> \u2013 Rallye Hochtaunus Weilrod &#8211; Rallye 70 &#8211; RRC<br \/>\n<a href=\"https:\/\/www.adac-sport.com\/1_ADAC_Hochtaunus_Retro_Rallye_2572\/docs\/50_Gesamtergebnis_Retro.pdf?fbclid=IwAR124MQgimD1Zr1RYMbx9dYgS6hi3AFMJ66VC3GqqE5TdGWRo_Fgw4-ztaE\" target=\"_blank\" rel=\"noopener\">Ergebnis &gt;&gt;<\/a><br \/>\n<strong>25.03.2023<\/strong> \u2013 7. ADAC Rallye Buten un Binnen &#8211; Rallye 70 &#8211; RRC RRS Nord<br \/>\n<a href=\"https:\/\/www.adac-sport.com\/7_ADAC_Retro_Rallye_Buten_un_Binnen_741\/TW_ON_Live_Sollzeit_Ergebnisse.php\" target=\"_blank\" rel=\"noopener\">Ergebnis &gt;&gt;<\/a><br \/>\n<strong>25.03.2023<\/strong> \u2013 Rallye Ostalb &#8211; Rallye 70 &#8211; RRS S\u00fcd<br \/>\n<a href=\"http:\/\/www.zatw.de\/ergebnisse\/2023\/OstalbRallyeRRS\/rallye_gesamt.html\" target=\"_blank\" rel=\"noopener\">Ergebnis &gt;&gt;<\/a><br \/>\n<strong><br \/>\nApril<br \/>\n15.04.2023<\/strong> \u2013 Rallye Stormarn \u2013 Rallye 35 &#8211; RRS Nord<strong><br \/>\n<\/strong><a href=\"https:\/\/msc-trittau.de\/wp-content\/uploads\/2023\/stormarn-retro\/Stormarn2023-Retro-Gesamt.pdf\" target=\"_blank\" rel=\"noopener\">Ergebnis &gt;&gt;<\/a><strong><br \/>\n15.04.2023<\/strong> \u2013 15. ADAC Roland-Gleichm\u00e4\u00dfigkeitspr\u00fcfung &#8211; Rallye 70 &#8211; RRC AHRC<br \/>\n<a href=\"https:\/\/www.adac-sport.com\/51_ADAC_Roland_Rallye_Nordhausen_13349\/docs\/43_OffiziellesGesamtergebnis_Histo.pdf\" target=\"_blank\" rel=\"noopener\">Ergebnis &gt;&gt;<\/a><br \/>\n<strong>29.04.2023<\/strong> \u2013 Rallye Fontane Neuruppin &#8211; Rallye 35 &#8211; AHRC<br \/>\n<a href=\"https:\/\/www.adac-sport.com\/23_ADAC_Fontane_Rallye_Neuruppin_5010\/docs\/26_OffiziellesErgebnis_Histo.pdf?fbclid=IwAR1_0lvvX1BVK1w-xVOget0952qIQ0vkKf_kTsyXT6l3Nes1OfWtAjc6Xa4\" target=\"_blank\" rel=\"noopener\">Ergebnis &gt;&gt;<\/a><br \/>\n<strong>29.04.2023<\/strong> \u2013 Rallye Fr\u00e4nkisches Weinland &#8211; Rallye R35 &#8211; RRC RRS S\u00fcd Anw\u00e4rterlauf<br \/>\n<a href=\"https:\/\/www.tw-sportsoft.de\/ADAC_PRO_TRACK_WHEELS_Rallye_fraenkische_130090\/docs\/23_Endergebnis_Retro_2023.pdf?fbclid=IwAR2dtDimu-G8981lMRUALBYoBwiEFApikUE0SzrkcWx4x8m5CGXBZywEWzk\" target=\"_blank\" rel=\"noopener\">Ergebnis &gt;&gt;<\/a><br \/>\n<strong><br \/>\nMai<br \/>\n06.05.2023<\/strong> \u2013 Rallye Birkenfeld &#8211; Rallye 35 &#8211; RRS S\u00fcd<strong><br \/>\n<\/strong><a href=\"https:\/\/retrorallye.de\/wp-content\/uploads\/2023\/05\/loewenrallye_2023.pdf\" target=\"_blank\" rel=\"noopener\">Ergebnis &gt;&gt;<\/a><strong><br \/>\n27.05.2023 <\/strong>\u2013 Rallye Ha\u00dfberg &#8211; Rallye 35<br \/>\n<a href=\"https:\/\/retrorallye.de\/wp-content\/uploads\/2023\/06\/Endergebnis_Rallye-Hassberg-2023.pdf\" target=\"_blank\" rel=\"noopener\">Ergebnis &gt;&gt;<\/a><br \/>\n<strong>27.05.2023<\/strong> &#8211; 14. ADAC Historic Rallye Potzberg &#8211; RRS S\u00fcd<strong><br \/>\n<\/strong><a href=\"https:\/\/retrorallye.de\/wp-content\/uploads\/2023\/06\/Gesamtergebnis-Potzberg-Retro.pdf\" target=\"_blank\" rel=\"noopener\">Ergebnis &gt;&gt; <\/a><strong><br \/>\n<\/strong><\/p>\n<p><strong>Juni<\/strong><br \/>\n<strong>17.06.2023<\/strong> \u2013 6. ADMV-Osterburg-Histo-Rallye &#8211; Rallye 35 &#8211; AHRC<br \/>\n<a href=\"https:\/\/retrorallye.de\/wp-content\/uploads\/2023\/06\/23_OffiziellesGesamtergebnisHisto.pdf\" target=\"_blank\" rel=\"noopener\">Ergebnis &gt;&gt;<\/a><\/p>\n<p><strong>Juli<\/strong><strong><br \/>\n23.07.2023<\/strong> \u2013 Fischereihafen Rallyesprint Bremerhaven &#8211; 2xRallye 35 &#8211; RRS Nord RRC<br \/>\n<a href=\"https:\/\/www.adac-sport.com\/21_ADAC_Bremerhaven_Retro_Rallye_Sprint_675\/pdf\/REPORTING_ERGEBNISLISTE_SOLLZEIT_GESAMT_.pdf?fbclid=IwAR1bikEawor89gTBKHgBEneuzvJni2Yl6n8ntwfpSX3193RbEgECTC1ce-8\" target=\"_blank\" rel=\"noopener\">Ergebnis vormittags &gt;&gt;<\/a><br \/>\n<a href=\"https:\/\/www.adac-sport.com\/22_ADAC_Fischereihafen_Retro_Rallye_Spr_676\/pdf\/REPORTING_ERGEBNISLISTE_SOLLZEIT_GESAMT_.pdf?fbclid=IwAR0fUkT15v7jjFn48v_TW3WLqcYSyoQYysMe1mNec4JzyE2HrxrFwmspDnw\" target=\"_blank\" rel=\"noopener\">Ergebnis nachmittags &gt;&gt;<\/a><br \/>\n<strong><br \/>\nAugust<br \/>\n05.08.2023<\/strong>\u2013 11. ADAC Liqui-Moli GLP Main-Kinzig &#8211; R35 &#8211; RRC<strong><br \/>\n<\/strong><a href=\"https:\/\/www.adac-sport.com\/16_ADAC_KIA_AWS_Main_Kinzig_Rallye_2023_2666\/docs\/34_Gesamtergebnis_Retro.pdf?fbclid=IwAR3mhJF9UFsSQyoyXogtRcB7j1dSUA0RQ2WiHMNIaZpy5h1YB2XShJ6uxDQ\" target=\"_blank\" rel=\"noopener\">Ergebnis &gt;&gt;<\/a><strong><br \/>\n05.08.2023<\/strong> \u2013 24. ADAC Holsten-Rallye &#8211; RRS Nord<strong><br \/>\n<\/strong><a href=\"https:\/\/retrorallye.de\/wp-content\/uploads\/2023\/08\/25_VorlEndergebnis-Holsten2023.pdf\" target=\"_blank\" rel=\"noopener\">Ergebnis &gt;&gt;<\/a><strong><br \/>\n26.08.2023<\/strong> \u2013 2. ADAC Retro-Rallye Ostwestfalen &#8211; Rallye 70 &#8211; RRS Nord RRC<br \/>\n<a href=\"https:\/\/www.adac-sport.com\/2_ADAC_Retro_Rallye_Ostwestfalen_21196\/docs\/28_Offizielles_Endergebnis_Retro.pdf\" target=\"_blank\" rel=\"noopener\">Ergebnis &gt;&gt;<\/a><br \/>\n<strong><br \/>\nSeptember<br \/>\n02.09.2023*<\/strong> \u2013 Rallye Calw &#8211; Rallye 35 &#8211; RRS S\u00fcd<strong><br \/>\n<\/strong><a href=\"http:\/\/www.zatw.de\/ergebnisse\/2023\/RallyeCalwRRS\/\" target=\"_blank\" rel=\"noopener\">Ergebnis &gt;&gt;<\/a><strong><br \/>\n02.09.2023<\/strong> \u2013 8. ADMV-Histo-Rallye Kurstadt Bad Schmiedeberg &#8211; Rallye 70 &#8211; AHRC<strong><br \/>\n<\/strong><a href=\"https:\/\/www.tw-sportsoft.de\/ADMV_Rallye_Kurstadt_Bad_Schmiedeberg_20_178534\/docs\/26_OffiziellesErgebnis_Histo.pdf?fbclid=IwAR3wyYk-af8TkuAwotg9FMeBvL0_74zbVsZLOflYe09Iu3bhQnDVw4t5qVg\" target=\"_blank\" rel=\"noopener\">Ergebnis &gt;&gt;<\/a><strong><br \/>\n09.09.2023<\/strong> \u2013 1. Autohaus Sindermann Rallyesprint H\u00fcnstein<strong><br \/>\n<\/strong><a href=\"https:\/\/www.adac-sport.com\/1_Autohaus_Sindermann_Rallyesprint_Huen_2672\/TW_ON_Live_Sollzeit_Ergebnisse.php\" target=\"_blank\" rel=\"noopener\">Ergebnis &gt;&gt;<\/a><strong><br \/>\n16.09.2023<\/strong> \u2013 8. ADAC Rallyesprint AMSC Pohlheim<strong><br \/>\n<\/strong><a href=\"https:\/\/www.adac-sport.com\/8_ADAC_Rallye_Sprint_Pohlheim_2544\/docs\/25_Gesamtergebnis_Retro.pdf\" target=\"_blank\" rel=\"noopener\">Ergebnis &gt;&gt;<\/a><strong><br \/>\n16.09.2023<\/strong> \u2013 7. ADMV Rallye Gr\u00fcnhain &#8211; AHRC<strong><br \/>\n<\/strong><a href=\"https:\/\/www.tw-sportsoft.de\/ADMV_Rallye_Gruenhain_2023_278082\/docs\/25_VorlufigesGesamtergebnis_Histo.pdf?fbclid=IwAR32ephRj4OLBBA-u0GwxGUAGKFuyp1B1_vWXS7IRIgPYuKr8DN94L4mOUY\" target=\"_blank\" rel=\"noopener\">Ergebnis &gt;&gt;<\/a><strong><br \/>\n16.09.2023<\/strong> \u2013 Rallye Laichingen Alb &#8211; Rallye 35 &#8211; RRS S\u00fcd<br \/>\n<a href=\"http:\/\/www.zatw.de\/ergebnisse\/2023\/RallyeLaichingeralbRRS\/\" target=\"_blank\" rel=\"noopener\">Ergebnis &gt;&gt;<\/a><strong><br \/>\n23.09.2023<\/strong> \u2013 Rallye Kohle &amp; Stahl &#8211; Rallye 70 &#8211; RRS S\u00fcd<br \/>\n<a href=\"https:\/\/www.msc-obere-nahe.de\/images\/rallye\/2023\/Ergebnis-Historic.pdf\" target=\"_blank\" rel=\"noopener\">Ergebnis &gt;&gt;<\/a><br \/>\n<strong>30.09.2023<\/strong>&nbsp;\u2013 Nibelungen-Rallyesprint &#8211; RRC<br \/>\n<a href=\"https:\/\/www.adac-sport.com\/1_ADAC_Nibelungensprint_2472\/pdf\/REPORTING_ERGEBNISLISTE_SOLLZEIT_GESAMT_.pdf?fbclid=IwAR326NdlBThulVsPLMDtHCzyefccAH4dMkSNAZa11s4KFz8KQarpbBzvclI\" target=\"_blank\" rel=\"noopener\">Ergebnis &gt;&gt;<\/a><br \/>\n<strong><br \/>\nOktober<br \/>\n14.10.2023<\/strong> \u2013 14. Rallye Bad Emstal &#8211; Rallye 70 &#8211; RRC RRS Nord<br \/>\n<a href=\"https:\/\/retrorallye.de\/wp-content\/uploads\/2023\/10\/Ergebnis_Bad_Emstal.pdf\">Ergebnis &gt;&gt;<\/a><strong><br \/>\n14.10.2023<\/strong> \u2013 ADAC Litermont Rallye &#8211; R35 &#8211; RRS S\u00fcd<br \/>\n<strong>Abgesagt<\/strong><br \/>\n<strong><br \/>\nNovember<br \/>\n18.11.2023<\/strong> \u2013 13. Rallye Hessisches Bergland &#8211; Rallye 70 &#8211; RRC RRS Nord<br \/>\n<a href=\"https:\/\/retrorallye.de\/wp-content\/uploads\/2023\/11\/hess_bergland23.pdf\" target=\"_blank\" rel=\"noopener\">Ergebnis &gt;&gt;<\/a><br \/>\n<strong>18.11.2023<\/strong> \u2013 Rallye Ried Sprint &#8211; Rallye 15<br \/>\n<a href=\"https:\/\/retrorallye.de\/wp-content\/uploads\/2023\/11\/ried23.pdf\" target=\"_blank\" rel=\"noopener\">Ergebnis &gt;&gt;<\/a><\/p>\n<p>* Best of Retro-Sonderwertung, nur RRS S\u00fcd<\/p>\n<\/div>\n<p><a href=\"https:\/\/retrorallye.de\/termine\/termine-2020-archiv\"><strong>Termine 2020 Archiv &gt;&gt;<\/strong><\/a><br \/>\n<a href=\"https:\/\/retrorallye.de\/termine\/termine-2021-archiv\"><strong>Termine 2021 Archiv &gt;<\/strong>&gt;<\/a><br \/>\n<strong><a href=\"https:\/\/retrorallye.de\/termine\">Termine 2022 Archiv &gt;&gt;<\/a><\/strong><\/p>\n","protected":false},"excerpt":{"rendered":"<p>&nbsp; RRS S\u00fcd = Retro Rallye Serie S\u00fcd &#8211; 10 L\u00e4ufe + 3 Anw\u00e4rterl\u00e4ufe RRS Nord = Retro Rallye Serie<\/p>\n","protected":false},"author":1,"featured_media":0,"parent":0,"menu_order":0,"comment_status":"closed","ping_status":"closed","template":"","meta":{"ngg_post_thumbnail":0,"_mc_calendar":[],"footnotes":""},"class_list":["post-2237","page","type-page","status-publish","hentry"],"yoast_head":"<!-- This site is optimized with the Yoast SEO plugin v27.4 - https:\/\/yoast.com\/product\/yoast-seo-wordpress\/ -->\n<title>Ergebnisse\/Termine 2023 - Retro-Rallye<\/title>\n<meta name=\"description\" content=\"Retro-Rallyes werden mit mindestens 20 Jahren alten Fahrzeugen auf Sollzeit gefahren. Durch die geringen Kosten ein perfekter Einstieg in den Motorsport.\" \/>\n<meta name=\"robots\" content=\"index, follow, max-snippet:-1, max-image-preview:large, max-video-preview:-1\" \/>\n<link rel=\"canonical\" href=\"https:\/\/retrorallye.de\/?page_id=2237\" \/>\n<meta property=\"og:locale\" content=\"de_DE\" \/>\n<meta property=\"og:type\" content=\"article\" \/>\n<meta property=\"og:title\" content=\"Ergebnisse\/Termine 2023 - Retro-Rallye\" \/>\n<meta property=\"og:description\" content=\"Retro-Rallyes werden mit mindestens 20 Jahren alten Fahrzeugen auf Sollzeit gefahren. Durch die geringen Kosten ein perfekter Einstieg in den Motorsport.\" \/>\n<meta property=\"og:url\" content=\"https:\/\/retrorallye.de\/?page_id=2237\" \/>\n<meta property=\"og:site_name\" content=\"Retro-Rallye\" \/>\n<meta property=\"article:modified_time\" content=\"2024-11-16T11:29:31+00:00\" \/>\n<meta name=\"twitter:card\" content=\"summary_large_image\" \/>\n<meta name=\"twitter:label1\" content=\"Gesch\u00e4tzte Lesezeit\" \/>\n\t<meta name=\"twitter:data1\" content=\"3\u00a0Minuten\" \/>\n<script type=\"application\/ld+json\" class=\"yoast-schema-graph\">{\"@context\":\"https:\\\/\\\/schema.org\",\"@graph\":[{\"@type\":\"WebPage\",\"@id\":\"https:\\\/\\\/retrorallye.de\\\/?page_id=2237\",\"url\":\"https:\\\/\\\/retrorallye.de\\\/?page_id=2237\",\"name\":\"Ergebnisse\\\/Termine 2023 - Retro-Rallye\",\"isPartOf\":{\"@id\":\"https:\\\/\\\/retrorallye.de\\\/#website\"},\"datePublished\":\"2023-11-24T12:12:07+00:00\",\"dateModified\":\"2024-11-16T11:29:31+00:00\",\"description\":\"Retro-Rallyes werden mit mindestens 20 Jahren alten Fahrzeugen auf Sollzeit gefahren. Durch die geringen Kosten ein perfekter Einstieg in den Motorsport.\",\"breadcrumb\":{\"@id\":\"https:\\\/\\\/retrorallye.de\\\/?page_id=2237#breadcrumb\"},\"inLanguage\":\"de\",\"potentialAction\":[{\"@type\":\"ReadAction\",\"target\":[\"https:\\\/\\\/retrorallye.de\\\/?page_id=2237\"]}]},{\"@type\":\"BreadcrumbList\",\"@id\":\"https:\\\/\\\/retrorallye.de\\\/?page_id=2237#breadcrumb\",\"itemListElement\":[{\"@type\":\"ListItem\",\"position\":1,\"name\":\"Startseite\",\"item\":\"https:\\\/\\\/retrorallye.de\\\/\"},{\"@type\":\"ListItem\",\"position\":2,\"name\":\"Ergebnisse\\\/Termine 2023\"}]},{\"@type\":\"WebSite\",\"@id\":\"https:\\\/\\\/retrorallye.de\\\/#website\",\"url\":\"https:\\\/\\\/retrorallye.de\\\/\",\"name\":\"Retro-Rallye\",\"description\":\"Der Einstieg in den Motorsport\",\"publisher\":{\"@id\":\"https:\\\/\\\/retrorallye.de\\\/#\\\/schema\\\/person\\\/512d86710bd0792a48b37215fe6fdb1b\"},\"potentialAction\":[{\"@type\":\"SearchAction\",\"target\":{\"@type\":\"EntryPoint\",\"urlTemplate\":\"https:\\\/\\\/retrorallye.de\\\/?s={search_term_string}\"},\"query-input\":{\"@type\":\"PropertyValueSpecification\",\"valueRequired\":true,\"valueName\":\"search_term_string\"}}],\"inLanguage\":\"de\"},{\"@type\":[\"Person\",\"Organization\"],\"@id\":\"https:\\\/\\\/retrorallye.de\\\/#\\\/schema\\\/person\\\/512d86710bd0792a48b37215fe6fdb1b\",\"name\":\"RWe\",\"image\":{\"@type\":\"ImageObject\",\"inLanguage\":\"de\",\"@id\":\"https:\\\/\\\/secure.gravatar.com\\\/avatar\\\/07dbf91b971b12a1c3042e2d96a1fc08ffc091127f38586879de72ec43396623?s=96&d=mm&r=g\",\"url\":\"https:\\\/\\\/secure.gravatar.com\\\/avatar\\\/07dbf91b971b12a1c3042e2d96a1fc08ffc091127f38586879de72ec43396623?s=96&d=mm&r=g\",\"contentUrl\":\"https:\\\/\\\/secure.gravatar.com\\\/avatar\\\/07dbf91b971b12a1c3042e2d96a1fc08ffc091127f38586879de72ec43396623?s=96&d=mm&r=g\",\"caption\":\"RWe\"},\"logo\":{\"@id\":\"https:\\\/\\\/secure.gravatar.com\\\/avatar\\\/07dbf91b971b12a1c3042e2d96a1fc08ffc091127f38586879de72ec43396623?s=96&d=mm&r=g\"}}]}<\/script>\n<!-- \/ Yoast SEO plugin. -->","yoast_head_json":{"title":"Ergebnisse\/Termine 2023 - Retro-Rallye","description":"Retro-Rallyes werden mit mindestens 20 Jahren alten Fahrzeugen auf Sollzeit gefahren. Durch die geringen Kosten ein perfekter Einstieg in den Motorsport.","robots":{"index":"index","follow":"follow","max-snippet":"max-snippet:-1","max-image-preview":"max-image-preview:large","max-video-preview":"max-video-preview:-1"},"canonical":"https:\/\/retrorallye.de\/?page_id=2237","og_locale":"de_DE","og_type":"article","og_title":"Ergebnisse\/Termine 2023 - Retro-Rallye","og_description":"Retro-Rallyes werden mit mindestens 20 Jahren alten Fahrzeugen auf Sollzeit gefahren. Durch die geringen Kosten ein perfekter Einstieg in den Motorsport.","og_url":"https:\/\/retrorallye.de\/?page_id=2237","og_site_name":"Retro-Rallye","article_modified_time":"2024-11-16T11:29:31+00:00","twitter_card":"summary_large_image","twitter_misc":{"Gesch\u00e4tzte Lesezeit":"3\u00a0Minuten"},"schema":{"@context":"https:\/\/schema.org","@graph":[{"@type":"WebPage","@id":"https:\/\/retrorallye.de\/?page_id=2237","url":"https:\/\/retrorallye.de\/?page_id=2237","name":"Ergebnisse\/Termine 2023 - Retro-Rallye","isPartOf":{"@id":"https:\/\/retrorallye.de\/#website"},"datePublished":"2023-11-24T12:12:07+00:00","dateModified":"2024-11-16T11:29:31+00:00","description":"Retro-Rallyes werden mit mindestens 20 Jahren alten Fahrzeugen auf Sollzeit gefahren. Durch die geringen Kosten ein perfekter Einstieg in den Motorsport.","breadcrumb":{"@id":"https:\/\/retrorallye.de\/?page_id=2237#breadcrumb"},"inLanguage":"de","potentialAction":[{"@type":"ReadAction","target":["https:\/\/retrorallye.de\/?page_id=2237"]}]},{"@type":"BreadcrumbList","@id":"https:\/\/retrorallye.de\/?page_id=2237#breadcrumb","itemListElement":[{"@type":"ListItem","position":1,"name":"Startseite","item":"https:\/\/retrorallye.de\/"},{"@type":"ListItem","position":2,"name":"Ergebnisse\/Termine 2023"}]},{"@type":"WebSite","@id":"https:\/\/retrorallye.de\/#website","url":"https:\/\/retrorallye.de\/","name":"Retro-Rallye","description":"Der Einstieg in den Motorsport","publisher":{"@id":"https:\/\/retrorallye.de\/#\/schema\/person\/512d86710bd0792a48b37215fe6fdb1b"},"potentialAction":[{"@type":"SearchAction","target":{"@type":"EntryPoint","urlTemplate":"https:\/\/retrorallye.de\/?s={search_term_string}"},"query-input":{"@type":"PropertyValueSpecification","valueRequired":true,"valueName":"search_term_string"}}],"inLanguage":"de"},{"@type":["Person","Organization"],"@id":"https:\/\/retrorallye.de\/#\/schema\/person\/512d86710bd0792a48b37215fe6fdb1b","name":"RWe","image":{"@type":"ImageObject","inLanguage":"de","@id":"https:\/\/secure.gravatar.com\/avatar\/07dbf91b971b12a1c3042e2d96a1fc08ffc091127f38586879de72ec43396623?s=96&d=mm&r=g","url":"https:\/\/secure.gravatar.com\/avatar\/07dbf91b971b12a1c3042e2d96a1fc08ffc091127f38586879de72ec43396623?s=96&d=mm&r=g","contentUrl":"https:\/\/secure.gravatar.com\/avatar\/07dbf91b971b12a1c3042e2d96a1fc08ffc091127f38586879de72ec43396623?s=96&d=mm&r=g","caption":"RWe"},"logo":{"@id":"https:\/\/secure.gravatar.com\/avatar\/07dbf91b971b12a1c3042e2d96a1fc08ffc091127f38586879de72ec43396623?s=96&d=mm&r=g"}}]}},"_links":{"self":[{"href":"https:\/\/retrorallye.de\/index.php?rest_route=\/wp\/v2\/pages\/2237","targetHints":{"allow":["GET"]}}],"collection":[{"href":"https:\/\/retrorallye.de\/index.php?rest_route=\/wp\/v2\/pages"}],"about":[{"href":"https:\/\/retrorallye.de\/index.php?rest_route=\/wp\/v2\/types\/page"}],"author":[{"embeddable":true,"href":"https:\/\/retrorallye.de\/index.php?rest_route=\/wp\/v2\/users\/1"}],"replies":[{"embeddable":true,"href":"https:\/\/retrorallye.de\/index.php?rest_route=%2Fwp%2Fv2%2Fcomments&post=2237"}],"version-history":[{"count":6,"href":"https:\/\/retrorallye.de\/index.php?rest_route=\/wp\/v2\/pages\/2237\/revisions"}],"predecessor-version":[{"id":2546,"href":"https:\/\/retrorallye.de\/index.php?rest_route=\/wp\/v2\/pages\/2237\/revisions\/2546"}],"wp:attachment":[{"href":"https:\/\/retrorallye.de\/index.php?rest_route=%2Fwp%2Fv2%2Fmedia&parent=2237"}],"curies":[{"name":"wp","href":"https:\/\/api.w.org\/{rel}","templated":true}]}}